{"id":1368,"date":"2025-11-02T03:41:18","date_gmt":"2025-11-02T03:41:18","guid":{"rendered":"http:\/\/lorennaaquino.com\/about\/"},"modified":"2025-11-23T13:59:34","modified_gmt":"2025-11-23T13:59:34","slug":"about","status":"publish","type":"page","link":"https:\/\/lorennaaquino.com\/inicio\/about\/","title":{"rendered":"Sobre"},"content":{"rendered":"\n<div class=\"wp-block-uagb-container uagb-block-318b6e29 alignfull uagb-is-root-container\"><div class=\"uagb-container-inner-blocks-wrap\">\n<div class=\"wp-block-uagb-advanced-heading uagb-block-3af8b3e9\"><div class=\"uagb-separator\"><\/div><h2 class=\"uagb-heading-text\">Dra. Lorenna Aquino<\/h2><\/div>\n\n\n\n<div class=\"wp-block-uagb-image uagb-block-4a67fda9 wp-block-uagb-image--layout-default wp-block-uagb-image--effect-static wp-block-uagb-image--align-none\"><figure class=\"wp-block-uagb-image__figure\"><\/figure><\/div>\n\n\n\n<p><\/p>\n\n\n\n<div class=\"wp-block-uagb-container uagb-block-4fce65b9\">\n<div class=\"wp-block-uagb-container uagb-block-af381a64\">\n<div class=\"wp-block-uagb-image alignleft uagb-block-0b0457a7 wp-block-uagb-image--layout-default wp-block-uagb-image--effect-static wp-block-uagb-image--align-left\"><figure class=\"wp-block-uagb-image__figure\"><img loading=\"lazy\" decoding=\"async\" srcset=\"http:\/\/lorennaaquino.com\/wp-content\/uploads\/2025\/11\/IMG_8869-761x1024.jpeg ,http:\/\/lorennaaquino.com\/wp-content\/uploads\/2025\/11\/IMG_8869.jpeg 780w, http:\/\/lorennaaquino.com\/wp-content\/uploads\/2025\/11\/IMG_8869.jpeg 360w\" sizes=\"auto, (max-width: 480px) 150px\" src=\"http:\/\/lorennaaquino.com\/wp-content\/uploads\/2025\/11\/IMG_8869-761x1024.jpeg\" alt=\"Sobre mim\" class=\"uag-image-2695\" width=\"600\" height=\"900\" title=\"IMG_8869\" loading=\"lazy\" role=\"img\"\/><\/figure><\/div>\n<\/div>\n\n\n\n<div class=\"wp-block-uagb-container uagb-block-c08dd488\">\n<div class=\"wp-block-uagb-advanced-heading uagb-block-d1d24ceb\"><p class=\"uagb-heading-text\">Sou m\u00e9dica com s\u00f3lida forma\u00e7\u00e3o e vasta experi\u00eancia em Psiquiatria. Atuo oferecendo atendimento personalizado, com ausculta qualificada tanto presencialmente quanto on-line, para pacientes no Brasil e no exterior.<br>Pratico uma abordagem humanizada, inovadora e emp\u00e1tica.<br>Durante minha jornada, percebi que a mente n\u00e3o \u00e9 uma entidade isolada. O nosso bem-estar ps\u00edquico est\u00e1 intrinsecamente conectado com todos os aspectos do ser humano, e isso me levou a explorar a intersec\u00e7\u00e3o entre Psiquiatria e os demais sistemas que comp\u00f5em o corpo humano. Pratico o cuidado baseado em uma Medicina<strong>\u00a0<\/strong>Integrativa Funcional, considero as dimens\u00f5es mentais e emocionais de cada paciente, al\u00e9m das f\u00edsicas e biol\u00f3gicas, pois assim como o corpo, a mente tamb\u00e9m precisa de cuidados.<br>Entendo o cuidado em psiquiatria como uma jun\u00e7\u00e3o de for\u00e7as e fatores que confluam para a recupera\u00e7\u00e3o, estabiliza\u00e7\u00e3o e promo\u00e7\u00e3o de sa\u00fade, assim como tamb\u00e9m objetivam avan\u00e7os em auto-estima, empoderamento, integra\u00e7\u00e3o social e liberdade.<br>Sou ansiosa e bipolar, mas medicada, e entendo bem o que meus pacientes enfrentam nessa especialidade t\u00e3o subjetiva.<br>Sou bem humorada e motivada.<br>Acredito no que fa\u00e7o, costumo dizer, parafraseando meu juramento de Hip\u00f3crates, que sigo \u201cconservando imaculada minha vida e minha arte e nesta espiral, vou aliviando, curando e sendo curada tamb\u00e9m\u201d..<\/p><\/div>\n<\/div>\n<\/div>\n<\/div><\/div>\n\n\n\n<div class=\"wp-block-uagb-container uagb-block-85a91c43 alignfull uagb-is-root-container\"><div class=\"uagb-container-inner-blocks-wrap\">\n<div class=\"wp-block-uagb-info-box uagb-block-b8b89e28 uagb-infobox__content-wrap  uagb-infobox-icon-above-title uagb-infobox-image-valign-top wp-block-uagb-info-box--has-margin\"><div class=\"uagb-infobox-margin-wrapper\"><div class=\"uagb-ifb-content\"><div class=\"uagb-ifb-title-wrap\"><h2 class=\"uagb-ifb-title\">Minha Paix\u00e3o <\/h2><\/div><p class=\"uagb-ifb-desc\">Ao longo da minha forma\u00e7\u00e3o e pr\u00e1tica como m\u00e9dica psiquiatra, descobri que o verdadeiro aprendizado vem da escuta: ouvir o outro com presen\u00e7a e sensibilidade me ensinou sobre a mente humana de um jeito que nenhum livro seria capaz de transmitir.<br>Com o tempo, compreendi que um dos valores que mais norteiam meu trabalho \u2014 e minha vida \u2014 \u00e9 a empatia com responsabilidade.<br>Para mim, ser emp\u00e1tica \u00e9 mais do que entender a dor do outro: \u00e9 acolher essa dor com respeito, cuidado e \u00e9tica, ajudando a transform\u00e1-la em al\u00edvio e crescimento.<br><br>A responsabilidade est\u00e1 em reconhecer o quanto nossas palavras e atitudes podem influenciar a vida de quem nos confia suas hist\u00f3rias, suas ang\u00fastias e seus sil\u00eancios.<br><br>\u00c9 esse compromisso que me guia em cada encontro, buscando sempre oferecer um espa\u00e7o seguro, humano e genu\u00edno de cuidado.<br><br>Cuidar da mente \u00e9 um ato de coragem e autocuidado e buscar ajuda \u00e9 o primeiro passo para viver com mais leveza e bem-estar.<\/p><\/div><\/div><\/div>\n<\/div><\/div>\n\n\n\n<div class=\"wp-block-uagb-container uagb-block-af36a3f8 alignfull uagb-is-root-container\"><div class=\"uagb-container-inner-blocks-wrap\">\n<div class=\"wp-block-uagb-info-box uagb-block-bcedbd9c uagb-infobox__content-wrap  uagb-infobox-icon-above-title uagb-infobox-image-valign-top wp-block-uagb-info-box--has-margin\"><div class=\"uagb-infobox-margin-wrapper\"><div class=\"uagb-ifb-content\"><div class=\"uagb-ifb-title-wrap\"><h2 class=\"uagb-ifb-title\">My Goals<\/h2><\/div><p class=\"uagb-ifb-desc\">Lorem ipsum dolor sit amet, consectetur adipiscing elit, sed do eiusmod tempor incididunt ut labore et dolore magna aliqua. Ut enim ad minim veniam, quis nostrud exercitation ullamco laboris nisi ut aliquip ex ea commodo consequat. Duis aute irure dolor in reprehenderit in voluptate velit esse cillum dolore eu fugiat nulla pariatur. Excepteur sint occaecat cupidatat non proident, sunt in culpa qui officia deserunt mollit anim id est laborum. Lorem ipsum dolor sit amet, consectetur adipiscing elit, sed do eiusmod tempor incididunt ut labore et dolore magna aliqua.<br><br>Ut enim ad minim veniam, quis nostrud exercitation ullamco laboris nisi ut aliquip ex ea commodo consequat. Duis aute irure dolor in reprehenderit in voluptate velit esse cillum dolore eu fugiat nulla pariatur. Excepteur sint occaecat cupidatat non proident, sunt in culpa qui officia deserunt mollit anim id est laborum. Lorem ipsum dolor sit amet, consectetur adipiscing elit, sed do eiusmod tempor incididunt ut labore et dolore magna aliqua. Ut enim ad minim veniam, quis nostrud exercitation ullamco laboris nisi ut aliquip ex ea commodo consequat. Duis aute irure dolor in reprehenderit in voluptate velit esse cillum dolore eu fugiat.<br><br>Sed ut perspiciatis unde omnis iste natus error sit voluptatem accusantium doloremque laudantium, totam rem aperiam, eaque ipsa quae ab illo inventore veritatis et quasi architecto beatae vitae dicta sunt explicabo. Nemo enim ipsam voluptatem quia voluptas sit aspernatur aut odit aut fugit, sed quia consequuntur magni dolores eos qui ratione voluptatem sequi nesciunt. Neque porro quisquam est, qui dolorem ipsum quia dolor sit amet, consectetur, adipisci velit, sed quia non numquam eius modi tempora incidunt ut labore et dolore magnam aliquam quaerat voluptatem.<\/p><\/div><\/div><\/div>\n<\/div><\/div>\n","protected":false},"excerpt":{"rendered":"","protected":false},"author":1,"featured_media":0,"parent":0,"menu_order":0,"comment_status":"closed","ping_status":"closed","template":"","meta":{"_surecart_dashboard_logo_width":"180px","_surecart_dashboard_show_logo":true,"_surecart_dashboard_navigation_orders":true,"_surecart_dashboard_navigation_invoices":true,"_surecart_dashboard_navigation_subscriptions":true,"_surecart_dashboard_navigation_downloads":true,"_surecart_dashboard_navigation_billing":true,"_surecart_dashboard_navigation_account":true,"site-sidebar-layout":"no-sidebar","site-content-layout":"plain-container","ast-site-content-layout":"normal-width-container","site-content-style":"unboxed","site-sidebar-style":"unboxed","ast-global-header-display":"","ast-banner-title-visibility":"","ast-main-header-display":"","ast-hfb-above-header-display":"","ast-hfb-below-header-display":"","ast-hfb-mobile-header-display":"","site-post-title":"","ast-breadcrumbs-content":"","ast-featured-img":"disabled","footer-sml-layout":"","theme-transparent-header-meta":"default","adv-header-id-meta":"","stick-header-meta":"","header-above-stick-meta":"","header-main-stick-meta":"","header-below-stick-meta":"","astra-migrate-meta-layouts":"set","ast-page-background-enabled":"default","ast-page-background-meta":{"desktop":{"background-color":"var(--ast-global-color-4)","background-image":"","background-repeat":"repeat","background-position":"center center","background-size":"auto","background-attachment":"scroll","background-type":"","background-media":"","overlay-type":"","overlay-color":"","overlay-opacity":"","overlay-gradient":""},"tablet":{"background-color":"","background-image":"","background-repeat":"repeat","background-position":"center center","background-size":"auto","background-attachment":"scroll","background-type":"","background-media":"","overlay-type":"","overlay-color":"","overlay-opacity":"","overlay-gradient":""},"mobile":{"background-color":"","background-image":"","background-repeat":"repeat","background-position":"center center","background-size":"auto","background-attachment":"scroll","background-type":"","background-media":"","overlay-type":"","overlay-color":"","overlay-opacity":"","overlay-gradient":""}},"ast-content-background-meta":{"desktop":{"background-color":"var(--ast-global-color-5)","background-image":"","background-repeat":"repeat","background-position":"center center","background-size":"auto","background-attachment":"scroll","background-type":"","background-media":"","overlay-type":"","overlay-color":"","overlay-opacity":"","overlay-gradient":""},"tablet":{"background-color":"var(--ast-global-color-5)","background-image":"","background-repeat":"repeat","background-position":"center center","background-size":"auto","background-attachment":"scroll","background-type":"","background-media":"","overlay-type":"","overlay-color":"","overlay-opacity":"","overlay-gradient":""},"mobile":{"background-color":"var(--ast-global-color-5)","background-image":"","background-repeat":"repeat","background-position":"center center","background-size":"auto","background-attachment":"scroll","background-type":"","background-media":"","overlay-type":"","overlay-color":"","overlay-opacity":"","overlay-gradient":""}},"footnotes":""},"class_list":["post-1368","page","type-page","status-publish","hentry"],"_hostinger_reach_plugin_has_subscription_block":false,"_hostinger_reach_plugin_is_elementor":false,"_links":{"self":[{"href":"https:\/\/lorennaaquino.com\/inicio\/wp-json\/wp\/v2\/pages\/1368","targetHints":{"allow":["GET"]}}],"collection":[{"href":"https:\/\/lorennaaquino.com\/inicio\/wp-json\/wp\/v2\/pages"}],"about":[{"href":"https:\/\/lorennaaquino.com\/inicio\/wp-json\/wp\/v2\/types\/page"}],"author":[{"embeddable":true,"href":"https:\/\/lorennaaquino.com\/inicio\/wp-json\/wp\/v2\/users\/1"}],"replies":[{"embeddable":true,"href":"https:\/\/lorennaaquino.com\/inicio\/wp-json\/wp\/v2\/comments?post=1368"}],"version-history":[{"count":17,"href":"https:\/\/lorennaaquino.com\/inicio\/wp-json\/wp\/v2\/pages\/1368\/revisions"}],"predecessor-version":[{"id":3018,"href":"https:\/\/lorennaaquino.com\/inicio\/wp-json\/wp\/v2\/pages\/1368\/revisions\/3018"}],"wp:attachment":[{"href":"https:\/\/lorennaaquino.com\/inicio\/wp-json\/wp\/v2\/media?parent=1368"}],"curies":[{"name":"wp","href":"https:\/\/api.w.org\/{rel}","templated":true}]}}